{"id":14794,"date":"2022-04-14T23:37:37","date_gmt":"2022-04-14T23:37:37","guid":{"rendered":"https:\/\/wekan.ma\/?post_type=produit&#038;p=14794"},"modified":"2024-11-15T17:42:15","modified_gmt":"2024-11-15T17:42:15","slug":"riad-mtb","status":"publish","type":"produit","link":"https:\/\/wekan.ma\/en\/produit\/riad-mtb\/","title":{"rendered":"Riad MTB"},"content":{"rendered":"<p>Nich\u00e9 dans la Kasbah, au coeur d&#8217;un quartier riche par son histoire, ce Riad\u00a0 vous garantit un voyage dans la v\u00e9ritable ambiance ancestrale de la fi\u00e8re M\u00e9dina.<\/p>\n<p>Sa localisation lui donne un acc\u00e8s rapide tant sur la route de l&#8217;Ourika que sur celle qui m\u00e8ne au quartier de l&#8217;Hivernage.<\/p>\n<p>Autour du patio, s&#8217;organisent 2 chambres \u00e9quip\u00e9es de leurs salles de bain, 1 salon\/salle \u00e0 manger ainsi qu&#8217;une cuisine am\u00e9nag\u00e9e.<\/p>\n<p>L&#8217;escalier donne acc\u00e8s \u00e0 1 autre chambres en terrasse, surplombant les toits de la M\u00e9dina.<\/p>\n<p>Ce Riad constitue une excellente affaire pour des acqu\u00e9reurs s\u00e9duits par un petit investissement locatif pour une location exclusive.<\/p>\n<p>Il n\u00e9cessite quelques travaux afin d&#8217;embellir la chambre en terrasse, mais son potentiel nous permet de vous assurer qu&#8217;il est possible d&#8217;en faire un v\u00e9ritable petit \u00e9crin en terme de d\u00e9coration.<\/p>\n","protected":false},"featured_media":18012,"parent":0,"template":"","type_bien":[163],"ville":[271],"etat":[174],"exclusivite":[264],"style_construction":[117],"ameublement":[],"ville_main":[277],"prod_cat":[],"autre_exterieur":[],"equipements":[],"publication":[],"nouveau":[324],"acf":[],"_links":{"self":[{"href":"https:\/\/wekan.ma\/en\/wp-json\/wp\/v2\/produit\/14794"}],"collection":[{"href":"https:\/\/wekan.ma\/en\/wp-json\/wp\/v2\/produit"}],"about":[{"href":"https:\/\/wekan.ma\/en\/wp-json\/wp\/v2\/types\/produit"}],"version-history":[{"count":0,"href":"https:\/\/wekan.ma\/en\/wp-json\/wp\/v2\/produit\/14794\/revisions"}],"wp:featuredmedia":[{"embeddable":true,"href":"https:\/\/wekan.ma\/en\/wp-json\/wp\/v2\/media\/18012"}],"wp:attachment":[{"href":"https:\/\/wekan.ma\/en\/wp-json\/wp\/v2\/media?parent=14794"}],"wp:term":[{"taxonomy":"type_bien","embeddable":true,"href":"https:\/\/wekan.ma\/en\/wp-json\/wp\/v2\/type_bien?post=14794"},{"taxonomy":"ville","embeddable":true,"href":"https:\/\/wekan.ma\/en\/wp-json\/wp\/v2\/ville?post=14794"},{"taxonomy":"etat","embeddable":true,"href":"https:\/\/wekan.ma\/en\/wp-json\/wp\/v2\/etat?post=14794"},{"taxonomy":"exclusivite","embeddable":true,"href":"https:\/\/wekan.ma\/en\/wp-json\/wp\/v2\/exclusivite?post=14794"},{"taxonomy":"style_construction","embeddable":true,"href":"https:\/\/wekan.ma\/en\/wp-json\/wp\/v2\/style_construction?post=14794"},{"taxonomy":"ameublement","embeddable":true,"href":"https:\/\/wekan.ma\/en\/wp-json\/wp\/v2\/ameublement?post=14794"},{"taxonomy":"ville_main","embeddable":true,"href":"https:\/\/wekan.ma\/en\/wp-json\/wp\/v2\/ville_main?post=14794"},{"taxonomy":"prod_cat","embeddable":true,"href":"https:\/\/wekan.ma\/en\/wp-json\/wp\/v2\/prod_cat?post=14794"},{"taxonomy":"autre_exterieur","embeddable":true,"href":"https:\/\/wekan.ma\/en\/wp-json\/wp\/v2\/autre_exterieur?post=14794"},{"taxonomy":"equipements","embeddable":true,"href":"https:\/\/wekan.ma\/en\/wp-json\/wp\/v2\/equipements?post=14794"},{"taxonomy":"publication","embeddable":true,"href":"https:\/\/wekan.ma\/en\/wp-json\/wp\/v2\/publication?post=14794"},{"taxonomy":"nouveau","embeddable":true,"href":"https:\/\/wekan.ma\/en\/wp-json\/wp\/v2\/nouveau?post=14794"}],"curies":[{"name":"wp","href":"https:\/\/api.w.org\/{rel}","templated":true}]}}

<p>Niché dans la Kasbah, au coeur d&#8217;un quartier riche par son histoire, ce Riad  vous garantit un voyage dans la véritable ambiance ancestrale de la fière Médina.</p>
<p>Sa localisation lui donne un accès rapide tant sur la route de l&#8217;Ourika que sur celle qui mène au quartier de l&#8217;Hivernage.</p>
<p>Autour du patio, s&#8217;organisent 2 chambres équipées de leurs salles de bain, 1 salon/salle à manger ainsi qu&#8217;une cuisine aménagée.</p>
<p>L&#8217;escalier donne accès à 1 autre chambres en terrasse, surplombant les toits de la Médina.</p>
<p>Ce Riad constitue une excellente affaire pour des acquéreurs séduits par un petit investissement locatif pour une location exclusive.</p>
<p>Il nécessite quelques travaux afin d&#8217;embellir la chambre en terrasse, mais son potentiel nous permet de vous assurer qu&#8217;il est possible d&#8217;en faire un véritable petit écrin en terme de décoration.</p>
