{"id":17309,"date":"2022-10-26T18:03:15","date_gmt":"2022-10-26T18:03:15","guid":{"rendered":"https:\/\/wekan.ma\/?post_type=produit&#038;p=17309"},"modified":"2024-01-30T13:07:26","modified_gmt":"2024-01-30T13:07:26","slug":"appartement-c","status":"publish","type":"produit","link":"https:\/\/wekan.ma\/en\/produit\/appartement-c\/","title":{"rendered":"Appartement C \/ Vendu"},"content":{"rendered":"<p>Appartement atypique \u00e0 2 minutes de la c\u00e9l\u00e8bre place Jemaa El Fna, d&#8217; une superficie de 204 m2 incluant une magnifique terrasse de 120 m2.<\/p>\n<p>Une grande v\u00e9randa a permis\u00a0 l&#8217;extension d&#8217;une salle \u00e0 manger et son salon donnant acc\u00e8s \u00e0 la terrasse sur toute sa longueur.<\/p>\n<p>Cet appartement propose 2 chambres, 1 dressing, 2 salles de bain, ainsi qu&#8217;un deuxi\u00e8me vaste salon qui se pr\u00eatera facilement \u00e0 une reconversion en double chambre.<\/p>\n<p>Situ\u00e9 au 2\u00e8me et dernier \u00e9tage d&#8217;un immeuble des ann\u00e9es 30, l&#8217; acc\u00e8s privatif et s\u00e9curis\u00e9 de cet appartement vous offre toutes les garanties d&#8217;une tranquillit\u00e9 rassurante au coeur du folklore enchanteur de la m\u00e9dina.<\/p>\n<p>Ce bien se pr\u00eate id\u00e9alement \u00e0 une exploitation commerciale en tant que r\u00e9sidence saisonni\u00e8re.<\/p>\n<p>Un retour sur investissement garanti !<\/p>\n","protected":false},"featured_media":17285,"parent":0,"template":"","type_bien":[159],"ville":[271],"etat":[174],"exclusivite":[264],"style_construction":[115],"ameublement":[140],"ville_main":[277],"prod_cat":[],"autre_exterieur":[],"equipements":[],"publication":[],"nouveau":[324],"acf":[],"_links":{"self":[{"href":"https:\/\/wekan.ma\/en\/wp-json\/wp\/v2\/produit\/17309"}],"collection":[{"href":"https:\/\/wekan.ma\/en\/wp-json\/wp\/v2\/produit"}],"about":[{"href":"https:\/\/wekan.ma\/en\/wp-json\/wp\/v2\/types\/produit"}],"version-history":[{"count":0,"href":"https:\/\/wekan.ma\/en\/wp-json\/wp\/v2\/produit\/17309\/revisions"}],"wp:featuredmedia":[{"embeddable":true,"href":"https:\/\/wekan.ma\/en\/wp-json\/wp\/v2\/media\/17285"}],"wp:attachment":[{"href":"https:\/\/wekan.ma\/en\/wp-json\/wp\/v2\/media?parent=17309"}],"wp:term":[{"taxonomy":"type_bien","embeddable":true,"href":"https:\/\/wekan.ma\/en\/wp-json\/wp\/v2\/type_bien?post=17309"},{"taxonomy":"ville","embeddable":true,"href":"https:\/\/wekan.ma\/en\/wp-json\/wp\/v2\/ville?post=17309"},{"taxonomy":"etat","embeddable":true,"href":"https:\/\/wekan.ma\/en\/wp-json\/wp\/v2\/etat?post=17309"},{"taxonomy":"exclusivite","embeddable":true,"href":"https:\/\/wekan.ma\/en\/wp-json\/wp\/v2\/exclusivite?post=17309"},{"taxonomy":"style_construction","embeddable":true,"href":"https:\/\/wekan.ma\/en\/wp-json\/wp\/v2\/style_construction?post=17309"},{"taxonomy":"ameublement","embeddable":true,"href":"https:\/\/wekan.ma\/en\/wp-json\/wp\/v2\/ameublement?post=17309"},{"taxonomy":"ville_main","embeddable":true,"href":"https:\/\/wekan.ma\/en\/wp-json\/wp\/v2\/ville_main?post=17309"},{"taxonomy":"prod_cat","embeddable":true,"href":"https:\/\/wekan.ma\/en\/wp-json\/wp\/v2\/prod_cat?post=17309"},{"taxonomy":"autre_exterieur","embeddable":true,"href":"https:\/\/wekan.ma\/en\/wp-json\/wp\/v2\/autre_exterieur?post=17309"},{"taxonomy":"equipements","embeddable":true,"href":"https:\/\/wekan.ma\/en\/wp-json\/wp\/v2\/equipements?post=17309"},{"taxonomy":"publication","embeddable":true,"href":"https:\/\/wekan.ma\/en\/wp-json\/wp\/v2\/publication?post=17309"},{"taxonomy":"nouveau","embeddable":true,"href":"https:\/\/wekan.ma\/en\/wp-json\/wp\/v2\/nouveau?post=17309"}],"curies":[{"name":"wp","href":"https:\/\/api.w.org\/{rel}","templated":true}]}}

<p>Appartement atypique à 2 minutes de la célèbre place Jemaa El Fna, d&#8217; une superficie de 204 m2 incluant une magnifique terrasse de 120 m2.</p>
<p>Une grande véranda a permis  l&#8217;extension d&#8217;une salle à manger et son salon donnant accès à la terrasse sur toute sa longueur.</p>
<p>Cet appartement propose 2 chambres, 1 dressing, 2 salles de bain, ainsi qu&#8217;un deuxième vaste salon qui se prêtera facilement à une reconversion en double chambre.</p>
<p>Situé au 2ème et dernier étage d&#8217;un immeuble des années 30, l&#8217; accès privatif et sécurisé de cet appartement vous offre toutes les garanties d&#8217;une tranquillité rassurante au coeur du folklore enchanteur de la médina.</p>
<p>Ce bien se prête idéalement à une exploitation commerciale en tant que résidence saisonnière.</p>
<p>Un retour sur investissement garanti !</p>
