{"id":20758,"date":"2025-01-29T14:24:10","date_gmt":"2025-01-29T14:24:10","guid":{"rendered":"https:\/\/wekan.ma\/?post_type=vacance&#038;p=20758"},"modified":"2025-10-29T14:02:01","modified_gmt":"2025-10-29T14:02:01","slug":"villa-anna","status":"publish","type":"vacance","link":"https:\/\/wekan.ma\/en\/vacance\/villa-anna\/","title":{"rendered":"Villa Anna"},"content":{"rendered":"<p>Situ\u00e9e \u00e0 10mn de Chrifia, et \u00e0 25mn du centre ville, cette jolie villa contemporaine est le lieu parfait pour des vacances r\u00e9ussies.<\/p>\n<p>Sur un terrain de 5000m2 arbor\u00e9 de palmiers et d&#8217;oliviers, vous serez s\u00e9duits par cette villa \u00e0 l&#8217;architecture contemporaine o\u00f9 le lieu de vie est orient\u00e9 sur le jardin et sa piscine.<\/p>\n<p>Elle est compos\u00e9e d&#8217;une belle entr\u00e9e\u00a0 donnant sur le jardin, d&#8217;une salle \u00e0 manger avec un coin bar, un grand salon TV et un salon chemin\u00e9e.<\/p>\n<p>Au rez de chauss\u00e9e 3 chambres disposant chacune de leur\u00a0 salle de bain et dressing, deux avec leur terrasse privative donnant sur le jardin.<\/p>\n<p>A l&#8217;\u00e9tage, une 4\u00e8me chambre master, dispose \u00e9galement de sa salle de bain ainsi que d&#8217;une baignoire, d&#8217;un dressing et d&#8217;une belle terrasse avec une vue sur l&#8217;Atlas.<\/p>\n<p>L&#8217;\u00e9quipement de cette villa est de belle facture, \u00e9l\u00e9gant et soign\u00e9, tout y est fait pour passer des moments de calme et de repos dans un lieu verdoyant et prot\u00e9g\u00e9.<\/p>\n<p>Une salle de sport donnant sur le jardin est attenante \u00e0 la maison.<\/p>\n<p>La villa est lou\u00e9e avec le personnel de maison qui se fera un plaisir de rendre votre s\u00e9jour des plus chaleureux.<\/p>\n","protected":false},"featured_media":20752,"parent":0,"template":"","type_bien":[165],"ville":[455],"ville_main":[277],"publication":[],"publication_vac":[],"acf":[],"_links":{"self":[{"href":"https:\/\/wekan.ma\/en\/wp-json\/wp\/v2\/vacance\/20758"}],"collection":[{"href":"https:\/\/wekan.ma\/en\/wp-json\/wp\/v2\/vacance"}],"about":[{"href":"https:\/\/wekan.ma\/en\/wp-json\/wp\/v2\/types\/vacance"}],"version-history":[{"count":0,"href":"https:\/\/wekan.ma\/en\/wp-json\/wp\/v2\/vacance\/20758\/revisions"}],"wp:featuredmedia":[{"embeddable":true,"href":"https:\/\/wekan.ma\/en\/wp-json\/wp\/v2\/media\/20752"}],"wp:attachment":[{"href":"https:\/\/wekan.ma\/en\/wp-json\/wp\/v2\/media?parent=20758"}],"wp:term":[{"taxonomy":"type_bien","embeddable":true,"href":"https:\/\/wekan.ma\/en\/wp-json\/wp\/v2\/type_bien?post=20758"},{"taxonomy":"ville","embeddable":true,"href":"https:\/\/wekan.ma\/en\/wp-json\/wp\/v2\/ville?post=20758"},{"taxonomy":"ville_main","embeddable":true,"href":"https:\/\/wekan.ma\/en\/wp-json\/wp\/v2\/ville_main?post=20758"},{"taxonomy":"publication","embeddable":true,"href":"https:\/\/wekan.ma\/en\/wp-json\/wp\/v2\/publication?post=20758"},{"taxonomy":"publication_vac","embeddable":true,"href":"https:\/\/wekan.ma\/en\/wp-json\/wp\/v2\/publication_vac?post=20758"}],"curies":[{"name":"wp","href":"https:\/\/api.w.org\/{rel}","templated":true}]}}

<p>Située à 10mn de Chrifia, et à 25mn du centre ville, cette jolie villa contemporaine est le lieu parfait pour des vacances réussies.</p>
<p>Sur un terrain de 5000m2 arboré de palmiers et d&#8217;oliviers, vous serez séduits par cette villa à l&#8217;architecture contemporaine où le lieu de vie est orienté sur le jardin et sa piscine.</p>
<p>Elle est composée d&#8217;une belle entrée  donnant sur le jardin, d&#8217;une salle à manger avec un coin bar, un grand salon TV et un salon cheminée.</p>
<p>Au rez de chaussée 3 chambres disposant chacune de leur  salle de bain et dressing, deux avec leur terrasse privative donnant sur le jardin.</p>
<p>A l&#8217;étage, une 4ème chambre master, dispose également de sa salle de bain ainsi que d&#8217;une baignoire, d&#8217;un dressing et d&#8217;une belle terrasse avec une vue sur l&#8217;Atlas.</p>
<p>L&#8217;équipement de cette villa est de belle facture, élégant et soigné, tout y est fait pour passer des moments de calme et de repos dans un lieu verdoyant et protégé.</p>
<p>Une salle de sport donnant sur le jardin est attenante à la maison.</p>
<p>La villa est louée avec le personnel de maison qui se fera un plaisir de rendre votre séjour des plus chaleureux.</p>
